{"id":6036,"date":"2023-04-05T02:46:43","date_gmt":"2023-04-05T02:46:43","guid":{"rendered":"https:\/\/www.estructurasgeodesicas.com.ar\/domos_multifuncionales\/?post_type=product&#038;p=6036"},"modified":"2023-04-05T02:46:54","modified_gmt":"2023-04-05T02:46:54","slug":"cerrojo-digital-phillips-ph240","status":"publish","type":"product","link":"https:\/\/www.domosfera.com.ar\/domos_multifuncionales\/producto\/cerrojo-digital-phillips-ph240\/","title":{"rendered":"CERROJO DIGITAL PHILLIPS PH240"},"content":{"rendered":"<p><strong>Caracter\u00edsticas t\u00e9cnicas:<\/strong><\/p>\n<p>&#8211; Hasta 50 c\u00f3digos programables.<br \/>\n&#8211; Indicador de bater\u00eda baja.<br \/>\n&#8211; Incluye 2 llaves.<br \/>\n&#8211; F\u00e1cil de instalar.<br \/>\n&#8211; Cierre autom\u00e1tico.<br \/>\n&#8211; Alarma despu\u00e9s de 4 intentos de apertura con c\u00f3digo incorrecto.<br \/>\n&#8211; Backset: 60 o 70mm.<br \/>\n&#8211; Espesor de la puerta: 35 a 45mm.<br \/>\n&#8211; Mano: derecha o izquierda.<br \/>\n&#8211; Garant\u00eda por un a\u00f1o en componentes electr\u00f3nicos: si este producto dejase de funcionar debido a un defecto de fabricaci\u00f3n.<\/p>\n","protected":false},"excerpt":{"rendered":"<p>Caracter\u00edsticas t\u00e9cnicas: &#8211; Hasta 50 c\u00f3digos programables. &#8211; Indicador de bater\u00eda baja. [&hellip;]<\/p>\n","protected":false},"featured_media":0,"template":"","meta":[],"product_cat":[873,692],"product_tag":[],"class_list":{"0":"post-6036","1":"product","2":"type-product","3":"status-publish","5":"product_cat-cerraduras-digitales","6":"product_cat-sistemas-electronicos-e-iluminacion","8":"first","9":"instock","10":"shipping-taxable","11":"product-type-simple"},"_links":{"self":[{"href":"https:\/\/www.domosfera.com.ar\/domos_multifuncionales\/wp-json\/wp\/v2\/product\/6036"}],"collection":[{"href":"https:\/\/www.domosfera.com.ar\/domos_multifuncionales\/wp-json\/wp\/v2\/product"}],"about":[{"href":"https:\/\/www.domosfera.com.ar\/domos_multifuncionales\/wp-json\/wp\/v2\/types\/product"}],"wp:attachment":[{"href":"https:\/\/www.domosfera.com.ar\/domos_multifuncionales\/wp-json\/wp\/v2\/media?parent=6036"}],"wp:term":[{"taxonomy":"product_cat","embeddable":true,"href":"https:\/\/www.domosfera.com.ar\/domos_multifuncionales\/wp-json\/wp\/v2\/product_cat?post=6036"},{"taxonomy":"product_tag","embeddable":true,"href":"https:\/\/www.domosfera.com.ar\/domos_multifuncionales\/wp-json\/wp\/v2\/product_tag?post=6036"}],"curies":[{"name":"wp","href":"https:\/\/api.w.org\/{rel}","templated":true}]}}